t common factor of a and 3.
3
Let f = 84 - 78. What is the greatest common divisor of f and 24?
6
Suppose -1 = -4*z - 3*d + 26, -35 = -5*z - 4*d. Suppose -2*h - 7 = -z*h. Calculate the greatest common divisor of 28 and h.
7
Let n be 18/(1 + 2) + -3. What is the greatest common divisor of n and 6?
3
Let p(a) = 3*a**2 + 11*a - 5. Let o be p(-5). What is the greatest common divisor of o and 10?
5
Let f = -9 - -5. Let o be (-5)/(-2) + (-2)/f. Suppose 0 = 5*h - o*h - 72. Calculate the greatest common divisor of 9 and h.
9
Let m = 1 + 3. Suppose -n = -m*n + 33. Suppose 0 = 6*o - 304 - 356. What is the highest common factor of o and n?
11
Let k = 156 - 271. Let h = k - -200. Let j be (1 + 0)/((-4)/(-136)). What is the highest common divisor of h and j?
17
Suppose -3*m + 134 = -2*q, -3*m - 2*q + 121 = 3. Suppose 0 = -2*a + 5*f + 25, -2*f - 32 = -4*a + m. What is the highest common factor of a and 40?
20
Let y be -1 + (-3 - -4) + -1. Let i be (y/(-2) - -1)*6. Calculate the highest common divisor of i and 81.
9
Let z = -52 + 58. Calculate the highest common factor of 114 and z.
6
Suppose 0 = -5*s, 2*s = t - 9 - 3. What is the greatest common divisor of 8 and t?
4
Suppose 5*y = -4*w - 9, -2*w = -6*w + 3*y + 31. Suppose l + 69 = w*l. What is the highest common factor of 207 and l?
23
Let t(i) = -i**2 + 20*i + 8. Let h be t(16). What is the highest common factor of h and 6?
6
Let s(p) = -p**3 + 7*p**2 - 5*p. Let r be s(4). What is the highest common factor of r and 4?
4
Let m(k) = 3*k - 3. Let a be 74/14 - 4/14. Let l be m(a). Suppose -19*g = 7*g - 312. What is the greatest common factor of l and g?
12
Let k(t) = 41*t - 4. Let f(d) = 40*d - 3. Let o(h) = -7*f(h) + 6*k(h). Suppose 2*c + 1 = -3. Let x be o(c). What is the greatest common factor of x and 26?
13
Suppose -2*o = 3*o + 165. Let h be 1*-3 - (-3 + o). Calculate the greatest common factor of 3 and h.
3
Let l = 157 + -80. Let r = 4 + -5. Let n be (6 + 1)*(0 - r). Calculate the highest common factor of l and n.
7
Let z = -8 + 12. Let d be 36/3*6/z. Calculate the highest common divisor of 6 and d.
6
Suppose -87*s - 160 = -89*s. Calculate the highest common divisor of 120 and s.
40
Suppose 10*j = 5*j + 130. Let t = j - 6. What is the greatest common divisor of 80 and t?
20
Suppose 0 = -w + 5*w - 1260. Calculate the highest common factor of 35 and w.
35
Let q be (27/(-6))/((-6)/16). Let g be -1 + 2/3 + 407/33. Calculate the highest common factor of q and g.
12
Let f = -9 + -3. Let m(g) = -g**3 - 11*g**2 + 11*g. Let p be m(f). Calculate the greatest common divisor of 3 and p.
3
Suppose -3*b = -6*b + 135. Let k(o) = 14*o**2 - 3*o - 2. Let d be k(-1). What is the greatest common factor of d and b?
15
Suppose 2*m = 5*m - 264. Suppose 13 = -f + 3*f - 3*u, 29 = 4*f - 5*u. What is the greatest common factor of m and f?
11
Let n(z) = z**2 - 6*z - 4. Let x be n(7). Suppose -k - 2*k + 4*t + 101 = 0, 0 = -5*k - x*t + 207. What is the highest common divisor of 26 and k?
13
Let u be 25 - 7 - 2/1. What is the greatest common factor of 112 and u?
16
Let o be 4/(-6) - (-2)/(-6). Let n = -36 + 155. Let d be n/(2/(-2)*o). What is the greatest common factor of 17 and d?
17
Let s = 33 + -13. Let b = -16 + s. What is the highest common factor of b and 2?
2
Let y be (-2 + 4/(-2))*-5. Suppose 0 = -0*q - 4*q + y. Let x = -3 - -5. What is the greatest common divisor of x and q?
1
Let a be (8/(-3))/((-1)/3). What is the greatest common divisor of a and 16?
8
Suppose -1 = y + p - 2*p, 0 = -4*y + 3*p - 3. Let u be -1 + 3 - (y - 2). Suppose 1 + 3 = u*o. Calculate the greatest common divisor of o and 11.
1
Suppose 54*x = 60*x - 900. What is the greatest common divisor of x and 60?
30
Suppose -6*p + 2*p + 56 = 0. What is the highest common factor of 14 and p?
14
Let t = 3 - 5. Let r be t - (-4 - (3 - 6)). Let q be -21*(r - 6/(-9)). What is the greatest common factor of 7 and q?
7
Suppose 0 = -3*g + 4*h - 18, h = -g - 0*g - 13. Let i be 11 - g - 0/(-2). What is the greatest common divisor of 63 and i?
21
Suppose -2*x = -x - 1. Let o(c) = -c**2 + 2*c - 1. Let v be o(x). Suppose v = -u + 5*u - 68. What is the greatest common divisor of u and 17?
17
Let d be 2 + 5 + (-5 - -6). Let m(s) = 11*s + 6. Let r be m(6). What is the greatest common factor of d and r?
8
Suppose -4*v + 2*v = -10. What is the highest common divisor of v and 40?
5
Suppose -2*q + 2*t = 28, 3*q + 10 = -3*t - 2*t. Let m = q - -6. Let f be -1 + (-22)/(m - -2). What is the highest common divisor of f and 5?
5
Suppose 27 = -2*k + 5*k. Suppose 5*x + 3*y - 146 = 0, x - 4*y + k - 52 = 0. Suppose 11 = -4*u + x. What is the highest common factor of 2 and u?
1
Let x(o) = -6*o - 7. Let q be x(-5). Let v(c) = -3*c - 10. Let l be v(-11). What is the highest common factor of l and q?
23
Suppose 2*m - 10 = 44. Calculate the highest common factor of m and 9.
9
Suppose -2*x + 146 = -70. Let i be x/(-10)*-2*5. Calculate the greatest common divisor of 12 and i.
12
Let v(b) = b**3 - 7*b**2 - 11*b - 9. Let i be v(9). Let y = 30 + -3. What is the greatest common factor of y and i?
27
Let s = -86 + 131. Calculate the greatest common factor of 5 and s.
5
Suppose -2*l = 2*l - 16. Suppose 3*z = -9, -25 - l = -w + 3*z. Let f = -1 + 5. What is the greatest common factor of w and f?
4
Let d be (-4)/16 - 185/(-4). Suppose 2*u = 2, 2*v - 5*v + u = -65. Let c = d - v. What is the highest common divisor of 12 and c?
12
Let h(n) = -n + 6. Let u be h(5). What is the greatest common divisor of u and 9?
1
Suppose -2*i - 4 = -m, 3 = -i - 3*m + 1. Let g be (-1)/(1*(-3 - i)). What is the greatest common factor of g and 1?
1
Let a be 1*(1 - 1)/1. Let w be (a - (7 + 1))/(-1). Calculate the highest common divisor of w and 8.
8
Let p(y) = y**2 + 2*y + 13. Let t be p(-4). Calculate the greatest common factor of 14 and t.
7
Suppose 2*n + 1 = n. Let g be 1/2*(-1 + -1). Let o be -1 + g + (31 - n). Calculate the highest common factor of o and 10.
10
Let h = -72 + 142. What is the highest common divisor of h and 14?
14
Suppose 0 = 4*l + l + 5, -l - 55 = j. Let a = 36 + j. Let c = a + 38. What is the greatest common divisor of c and 50?
10
Let k be (4/(-1))/((36/81)/(-2)). What is the highest common divisor of k and 54?
18
Suppose -2*o + 2*h = -30, -4*h = 2*o - 3*h - 33. Calculate the greatest common divisor of 64 and o.
16
Suppose 5*w - 13 = -6*l + 4*l, 0 = 3*l + 2*w - 14. What is the highest common divisor of 4 and l?
4
Let x be (8/24)/(2/6). Let a = -11 + 16. What is the greatest common divisor of x and a?
1
Suppose -2*y = -2*q + 12, 0*q = 3*q - 15. Let f be 3 + -1 + -1 + -1. Let s be (38*(y - f))/(-1). What is the greatest common divisor of s and 19?
19
Suppose 3*y + 15 = 0, -7*n = -2*n + 2*y - 35. Calculate the highest common divisor of 18 and n.
9
Suppose 2*r + 12 = 4*n + n, 2*n - 8 = 4*r. Suppose 2*m - n = m. Calculate the highest common factor of m and 5.
1
Let d(v) = 11*v. Let h be d(1). Calculate the greatest common divisor of 11 and h.
11
Suppose -2*b + k + 0*k = -23, 13 = 2*b + k. Let t be 249/(-27) - (-2)/b. Let u be (42/4)/(t/(-108)). What is the greatest common factor of 14 and u?
14
Let j be 35/6 + 5/30. Let l(u) = -u**3 + 6*u**2 + 2*u + 4. Let x be l(j). What is the greatest common factor of 32 and x?
16
Let n = -5 + 24. What is the highest common divisor of 19 and n?
19
Let l be (-4)/(-5)*(19 + 1). Let n(d) = -d**3 + d - 2. Let g be n(-2). Suppose 37 = g*r + 5. Calculate the greatest common divisor of l and r.
8
Let i = -6 - -3. Let x = i - -6. Suppose x*b + 19 = 64. Calculate the greatest common factor of b and 3.
3
Suppose 0 = 2*o - r - 63 - 11, 2*o + 5*r - 98 = 0. Let b = o - 23. What is the highest common factor of 64 and b?
16
Suppose 0 = -0*f - f + 10. Let k = -5 - -9. Calculate the highest common divisor of f and k.
2
Let i be 1 - 0 - (1 + -12). Suppose 4*d - 525 = 3*f, 10 + 127 = d + 5*f. Calculate the greatest common factor of d and i.
12
Suppose 4*l - 21 = -0*l + 3*c, 2*c = -2*l. Suppose -7*z + l*z + 48 = 0. Calculate the greatest common divisor of z and 60.
12
Suppose 0 = -0*x + x - 8. Let l = -6 + x. What is the greatest common divisor of 3 and l?
1
Let f = 422 - 180. Suppose 330 = -2*z + 17*z. What is the highest common factor of f and z?
22
Let h be (-28)/((-7)/(476/8)). Calculate th